{"id":82,"date":"2021-05-11T08:28:09","date_gmt":"2021-05-11T06:28:09","guid":{"rendered":"http:\/\/neu.glemmerhof.at\/?page_id=82"},"modified":"2022-01-04T17:38:59","modified_gmt":"2022-01-04T16:38:59","slug":"vorstand","status":"publish","type":"page","link":"https:\/\/glemmerhof.at\/?page_id=82","title":{"rendered":"Vorstand"},"content":{"rendered":"<p>Obmann<br \/>\nBernhard Ronacher<br \/>\nTel. +43 664 40 911 99<\/p>\n<p>Obmann Stv.<br \/>\nIng. Stefan Herzog<\/p>\n<p>Kassiererin<br \/>\nRenate K\u00f6\u00dfler<\/p>\n<p>Kassier Stv.<br \/>\nGerhard Uhl<\/p>\n<p>Schriftf\u00fchrerin<br \/>\nIngrid Ronacher<br \/>\nbsv@glemmerhof.at<br \/>\nTel. +43 664 1000 181<\/p>\n<p>Schriftf\u00fchrer Stv.<br \/>\nThomas K\u00f6\u00dfler<\/p>\n<p>Sportwart<br \/>\nWolfgang Lackner<\/p>\n","protected":false},"excerpt":{"rendered":"<p>Obmann Bernhard Ronacher Tel. +43 664 40 911 99 Obmann Stv. Ing. Stefan Herzog Kassiererin Renate K\u00f6\u00dfler Kassier Stv. Gerhard Uhl Schriftf\u00fchrerin Ingrid Ronacher bsv@glemmerhof.at Tel. +43 664 1000 181 Schriftf\u00fchrer Stv. Thomas K\u00f6\u00dfler Sportwart Wolfgang Lackner<\/p>\n","protected":false},"author":1,"featured_media":0,"parent":0,"menu_order":0,"comment_status":"closed","ping_status":"closed","template":"","meta":{"footnotes":""},"class_list":["post-82","page","type-page","status-publish","hentry"],"_links":{"self":[{"href":"https:\/\/glemmerhof.at\/index.php?rest_route=\/wp\/v2\/pages\/82","targetHints":{"allow":["GET"]}}],"collection":[{"href":"https:\/\/glemmerhof.at\/index.php?rest_route=\/wp\/v2\/pages"}],"about":[{"href":"https:\/\/glemmerhof.at\/index.php?rest_route=\/wp\/v2\/types\/page"}],"author":[{"embeddable":true,"href":"https:\/\/glemmerhof.at\/index.php?rest_route=\/wp\/v2\/users\/1"}],"replies":[{"embeddable":true,"href":"https:\/\/glemmerhof.at\/index.php?rest_route=%2Fwp%2Fv2%2Fcomments&post=82"}],"version-history":[{"count":4,"href":"https:\/\/glemmerhof.at\/index.php?rest_route=\/wp\/v2\/pages\/82\/revisions"}],"predecessor-version":[{"id":346,"href":"https:\/\/glemmerhof.at\/index.php?rest_route=\/wp\/v2\/pages\/82\/revisions\/346"}],"wp:attachment":[{"href":"https:\/\/glemmerhof.at\/index.php?rest_route=%2Fwp%2Fv2%2Fmedia&parent=82"}],"curies":[{"name":"wp","href":"https:\/\/api.w.org\/{rel}","templated":true}]}}