{"id":75,"date":"2021-05-11T08:26:26","date_gmt":"2021-05-11T06:26:26","guid":{"rendered":"http:\/\/neu.glemmerhof.at\/?page_id=75"},"modified":"2026-04-08T10:36:30","modified_gmt":"2026-04-08T08:36:30","slug":"restaurant","status":"publish","type":"page","link":"https:\/\/glemmerhof.at\/?page_id=75","title":{"rendered":"Restaurant"},"content":{"rendered":"<div id=\"main\">\n<p>In unserer traditionellen Gaststube servieren wir Speisen aus der Region, unsere ber\u00fchmten Waffelkartoffeln, unsere Schnitzerl und vieles mehr.<br \/>\nAlle unsere Speisen k\u00f6nnen selbstverst\u00e4ndlich auch zum Mitnehmen und zu Hause genie\u00dfen bestellt werden.<\/p>\n<p>Unsere Speisekarte: <a href=\"https:\/\/glemmerhof.at\/wp-content\/uploads\/2025\/12\/SpeisekarteDeutsch_wi26-web.pdf\">Speisekarte Winter 2025\/26<\/a><br \/>\nJede Woche gibt es eine neue Wochenkarte, diese findet ihr immer aktuell auf unserer Facebookseite. &#8211;&gt;\u00a0 <a href=\"https:\/\/www.facebook.com\/bogenparcours.glemmerhof\" target=\"_blank\" rel=\"noopener\">Facebookseite Glemmerhof<\/a><\/p>\n<p>&nbsp;<\/p>\n<h2>\u00d6ffnungszeiten<\/h2>\n<p>Wochentags ab 16 Uhr<br \/>\nAm Wochenede und<br \/>\nan Feiertagen ab 11.30 Uhr<br \/>\nMontag &amp; Dienstag Ruhetag<\/p>\n<p>Letzte Essensbestellung 20.30 Uhr<br \/>\nSonntag letzte Essensbestellung 20.00 Uhr<\/p>\n<p>Wir freuen uns auf Euren Besuch<\/p>\n<p><img loading=\"lazy\" decoding=\"async\" class=\"alignnone wp-image-150\" src=\"http:\/\/neu.glemmerhof.at\/wp-content\/uploads\/2021\/07\/gastzimmer_2-1024x576.jpg\" alt=\"\" width=\"557\" height=\"313\" srcset=\"https:\/\/glemmerhof.at\/wp-content\/uploads\/2021\/07\/gastzimmer_2-1024x576.jpg 1024w, https:\/\/glemmerhof.at\/wp-content\/uploads\/2021\/07\/gastzimmer_2-300x169.jpg 300w, https:\/\/glemmerhof.at\/wp-content\/uploads\/2021\/07\/gastzimmer_2-768x432.jpg 768w, https:\/\/glemmerhof.at\/wp-content\/uploads\/2021\/07\/gastzimmer_2.jpg 1920w\" sizes=\"auto, (max-width: 557px) 100vw, 557px\" \/><\/p>\n<\/div>\n<div id=\"rightc\"><\/div>\n<div id=\"footer\">\n<address><div id='gallery-1' class='gallery galleryid-75 gallery-columns-2 gallery-size-large'><figure class='gallery-item'>\n\t\t\t<div class='gallery-icon landscape'>\n\t\t\t\t<a href='https:\/\/glemmerhof.at\/?attachment_id=179'><img loading=\"lazy\" decoding=\"async\" width=\"525\" height=\"394\" src=\"https:\/\/glemmerhof.at\/wp-content\/uploads\/2021\/07\/image2-1024x768.jpeg\" class=\"attachment-large size-large\" alt=\"\" srcset=\"https:\/\/glemmerhof.at\/wp-content\/uploads\/2021\/07\/image2-1024x768.jpeg 1024w, https:\/\/glemmerhof.at\/wp-content\/uploads\/2021\/07\/image2-300x225.jpeg 300w, https:\/\/glemmerhof.at\/wp-content\/uploads\/2021\/07\/image2-768x576.jpeg 768w, https:\/\/glemmerhof.at\/wp-content\/uploads\/2021\/07\/image2.jpeg 1701w\" sizes=\"auto, 100vw\" \/><\/a>\n\t\t\t<\/div><\/figure><figure class='gallery-item'>\n\t\t\t<div class='gallery-icon landscape'>\n\t\t\t\t<a href='https:\/\/glemmerhof.at\/?attachment_id=178'><img loading=\"lazy\" decoding=\"async\" width=\"525\" height=\"394\" src=\"https:\/\/glemmerhof.at\/wp-content\/uploads\/2021\/07\/image3-1024x768.jpeg\" class=\"attachment-large size-large\" alt=\"\" srcset=\"https:\/\/glemmerhof.at\/wp-content\/uploads\/2021\/07\/image3-1024x768.jpeg 1024w, https:\/\/glemmerhof.at\/wp-content\/uploads\/2021\/07\/image3-300x225.jpeg 300w, https:\/\/glemmerhof.at\/wp-content\/uploads\/2021\/07\/image3-768x576.jpeg 768w, https:\/\/glemmerhof.at\/wp-content\/uploads\/2021\/07\/image3.jpeg 1984w\" sizes=\"auto, 100vw\" \/><\/a>\n\t\t\t<\/div><\/figure>\n\t\t<\/div>\n<\/p>\n<\/address>\n<\/div>\n","protected":false},"excerpt":{"rendered":"<p>In unserer traditionellen Gaststube servieren wir Speisen aus der Region, unsere ber\u00fchmten Waffelkartoffeln, unsere Schnitzerl und vieles mehr. Alle unsere Speisen k\u00f6nnen selbstverst\u00e4ndlich auch zum Mitnehmen und zu Hause genie\u00dfen bestellt werden. Unsere Speisekarte: Speisekarte Winter 2025\/26 Jede Woche gibt es eine neue Wochenkarte, diese findet ihr immer aktuell auf unserer Facebookseite. &#8211;&gt;\u00a0 Facebookseite Glemmerhof &hellip; <\/p>\n<p class=\"link-more\"><a href=\"https:\/\/glemmerhof.at\/?page_id=75\" class=\"more-link\"><span class=\"screen-reader-text\">\u201eRestaurant\u201c <\/span>weiterlesen<\/a><\/p>\n","protected":false},"author":1,"featured_media":0,"parent":0,"menu_order":0,"comment_status":"closed","ping_status":"closed","template":"","meta":{"footnotes":""},"class_list":["post-75","page","type-page","status-publish","hentry"],"_links":{"self":[{"href":"https:\/\/glemmerhof.at\/index.php?rest_route=\/wp\/v2\/pages\/75","targetHints":{"allow":["GET"]}}],"collection":[{"href":"https:\/\/glemmerhof.at\/index.php?rest_route=\/wp\/v2\/pages"}],"about":[{"href":"https:\/\/glemmerhof.at\/index.php?rest_route=\/wp\/v2\/types\/page"}],"author":[{"embeddable":true,"href":"https:\/\/glemmerhof.at\/index.php?rest_route=\/wp\/v2\/users\/1"}],"replies":[{"embeddable":true,"href":"https:\/\/glemmerhof.at\/index.php?rest_route=%2Fwp%2Fv2%2Fcomments&post=75"}],"version-history":[{"count":62,"href":"https:\/\/glemmerhof.at\/index.php?rest_route=\/wp\/v2\/pages\/75\/revisions"}],"predecessor-version":[{"id":868,"href":"https:\/\/glemmerhof.at\/index.php?rest_route=\/wp\/v2\/pages\/75\/revisions\/868"}],"wp:attachment":[{"href":"https:\/\/glemmerhof.at\/index.php?rest_route=%2Fwp%2Fv2%2Fmedia&parent=75"}],"curies":[{"name":"wp","href":"https:\/\/api.w.org\/{rel}","templated":true}]}}

<div id="main">
<p>In unserer traditionellen Gaststube servieren wir Speisen aus der Region, unsere berühmten Waffelkartoffeln, unsere Schnitzerl und vieles mehr.<br />
Alle unsere Speisen können selbstverständlich auch zum Mitnehmen und zu Hause genießen bestellt werden.</p>
<p>Unsere Speisekarte: <a href="https://glemmerhof.at/wp-content/uploads/2025/12/SpeisekarteDeutsch_wi26-web.pdf">Speisekarte Winter 2025/26</a><br />
Jede Woche gibt es eine neue Wochenkarte, diese findet ihr immer aktuell auf unserer Facebookseite. &#8211;&gt;  <a href="https://www.facebook.com/bogenparcours.glemmerhof" target="_blank" rel="noopener">Facebookseite Glemmerhof</a></p>
<p>&nbsp;</p>
<h2>Öffnungszeiten</h2>
<p>Wochentags ab 16 Uhr<br />
Am Wochenede und<br />
an Feiertagen ab 11.30 Uhr<br />
Montag &amp; Dienstag Ruhetag</p>
<p>Letzte Essensbestellung 20.30 Uhr<br />
Sonntag letzte Essensbestellung 20.00 Uhr</p>
<p>Wir freuen uns auf Euren Besuch</p>
<p><img loading="lazy" decoding="async" class="alignnone wp-image-150" src="http://neu.glemmerhof.at/wp-content/uploads/2021/07/gastzimmer_2-1024x576.jpg" alt="" width="557" height="313" srcset="https://glemmerhof.at/wp-content/uploads/2021/07/gastzimmer_2-1024x576.jpg 1024w, https://glemmerhof.at/wp-content/uploads/2021/07/gastzimmer_2-300x169.jpg 300w, https://glemmerhof.at/wp-content/uploads/2021/07/gastzimmer_2-768x432.jpg 768w, https://glemmerhof.at/wp-content/uploads/2021/07/gastzimmer_2.jpg 1920w" sizes="auto, (max-width: 557px) 100vw, 557px" /></p>
</div>
<div id="rightc"></div>
<div id="footer">
<address><div id='gallery-1' class='gallery galleryid-75 gallery-columns-2 gallery-size-large'><figure class='gallery-item'>
			<div class='gallery-icon landscape'>
				<a href='https://glemmerhof.at/?attachment_id=179'><img loading="lazy" decoding="async" width="525" height="394" src="https://glemmerhof.at/wp-content/uploads/2021/07/image2-1024x768.jpeg" class="attachment-large size-large" alt="" srcset="https://glemmerhof.at/wp-content/uploads/2021/07/image2-1024x768.jpeg 1024w, https://glemmerhof.at/wp-content/uploads/2021/07/image2-300x225.jpeg 300w, https://glemmerhof.at/wp-content/uploads/2021/07/image2-768x576.jpeg 768w, https://glemmerhof.at/wp-content/uploads/2021/07/image2.jpeg 1701w" sizes="auto, 100vw" /></a>
			</div></figure><figure class='gallery-item'>
			<div class='gallery-icon landscape'>
				<a href='https://glemmerhof.at/?attachment_id=178'><img loading="lazy" decoding="async" width="525" height="394" src="https://glemmerhof.at/wp-content/uploads/2021/07/image3-1024x768.jpeg" class="attachment-large size-large" alt="" srcset="https://glemmerhof.at/wp-content/uploads/2021/07/image3-1024x768.jpeg 1024w, https://glemmerhof.at/wp-content/uploads/2021/07/image3-300x225.jpeg 300w, https://glemmerhof.at/wp-content/uploads/2021/07/image3-768x576.jpeg 768w, https://glemmerhof.at/wp-content/uploads/2021/07/image3.jpeg 1984w" sizes="auto, 100vw" /></a>
			</div></figure>
		</div>
</p>
</address>
</div>

<p>In unserer traditionellen Gaststube servieren wir Speisen aus der Region, unsere berühmten Waffelkartoffeln, unsere Schnitzerl und vieles mehr. Alle unsere Speisen können selbstverständlich auch zum Mitnehmen und zu Hause genießen bestellt werden. Unsere Speisekarte: Speisekarte Winter 2025/26 Jede Woche gibt es eine neue Wochenkarte, diese findet ihr immer aktuell auf unserer Facebookseite. &#8211;&gt;  Facebookseite Glemmerhof &hellip; </p>
<p class="link-more"><a href="https://glemmerhof.at/?page_id=75" class="more-link"><span class="screen-reader-text">„Restaurant“ </span>weiterlesen</a></p>
